 the thousands digit of 21043?
1
What is the units digit of 50436?
6
What is the thousands digit of 6436?
6
What is the hundreds digit of 5956?
9
What is the units digit of 5929?
9
What is the tens digit of 160899?
9
What is the tens digit of 120902?
0
What is the thousands digit of 68682?
8
What is the hundreds digit of 6867?
8
What is the tens digit of 282?
8
What is the tens digit of 1292?
9
What is the hundreds digit of 60596?
5
What is the units digit of 5560?
0
What is the thousands digit of 4416?
4
What is the units digit of 31416?
6
What is the hundreds digit of 122840?
8
What is the thousands digit of 14862?
4
What is the units digit of 1911?
1
What is the thousands digit of 28275?
8
What is the units digit of 6949?
9
What is the units digit of 2?
2
What is the units digit of 23001?
1
What is the hundreds digit of 4427?
4
What is the units digit of 5002?
2
What is the units digit of 14460?
0
What is the thousands digit of 5931?
5
What is the hundreds digit of 703?
7
What is the ten thousands digit of 14616?
1
What is the hundreds digit of 1012?
0
What is the hundreds digit of 869?
8
What is the tens digit of 914?
1
What is the units digit of 1478?
8
What is the tens digit of 24039?
3
What is the units digit of 911?
1
What is the hundreds digit of 543?
5
What is the tens digit of 1527?
2
What is the units digit of 2522?
2
What is the hundreds digit of 1304?
3
What is the tens digit of 975?
7
What is the hundreds digit of 3081?
0
What is the tens digit of 57828?
2
What is the tens digit of 8324?
2
What is the tens digit of 1264?
6
What is the tens digit of 163?
6
What is the hundreds digit of 242?
2
What is the units digit of 3893?
3
What is the hundreds digit of 9023?
0
What is the units digit of 977?
7
What is the thousands digit of 1040?
1
What is the tens digit of 773?
7
What is the units digit of 1361?
1
What is the units digit of 219?
9
What is the hundreds digit of 6390?
3
What is the hundreds digit of 1164?
1
What is the units digit of 1372?
2
What is the hundreds digit of 2742?
7
What is the thousands digit of 3265?
3
What is the units digit of 6634?
4
What is the units digit of 2098?
8
What is the units digit of 180369?
9
What is the tens digit of 16362?
6
What is the hundreds digit of 1325?
3
What is the units digit of 545?
5
What is the units digit of 5668?
8
What is the units digit of 27?
7
What is the units digit of 1912?
2
What is the hundreds digit of 36332?
3
What is the hundreds digit of 1449?
4
What is the thousands digit of 4161?
4
What is the hundreds digit of 669?
6
What is the hundreds digit of 3702?
7
What is the hundred thousands digit of 117951?
1
What is the units digit of 1969?
9
What is the units digit of 548?
8
What is the units digit of 516?
6
What is the thousands digit of 69620?
9
What is the hundred thousands digit of 129292?
1
What is the tens digit of 1075?
7
What is the tens digit of 9175?
7
What is the ten thousands digit of 56323?
5
What is the thousands digit of 1139?
1
What is the thousands digit of 78322?
8
What is the tens digit of 3499?
9
What is the thousands digit of 6355?
6
What is the hundreds digit of 3159?
1
What is the ten thousands digit of 91654?
9
What is the hundreds digit of 34364?
3
What is the tens digit of 24730?
3
What is the units digit of 867?
7
What is the units digit of 70425?
5
What is the units digit of 3064?
4
What is the tens digit of 860?
6
What is the units digit of 13922?
2
What is the thousands digit of 4394?
4
What is the tens digit of 6781?
8
What is the units digit of 724?
4
What is the ten thousands digit of 143996?
4
What is the hundreds digit of 270?
2
What is the hundreds digit of 160?
1
What is the thousands digit of 12340?
2
What is the units digit of 457?
7
What is the units digit of 130?
0
What is the ten thousands digit of 49122?
4
What is the units digit of 1318?
8
What is the ten thousands digit of 28618?
2
What is the hundreds digit of 344?
3
What is the ten thousands digit of 42355?
4
What is the units digit of 8970?
0
What is the hundreds digit of 5499?
4
What is the hundreds digit of 3585?
5
What is the units digit of 3857?
7
What is the tens digit of 296?
9
What is the tens digit of 26129?
2
What is the units digit of 5429?
9
What is the hundreds digit of 833?
8
What is the thousands digit of 8898?
8
What is the hundreds digit of 1145?
1
What is the units digit of 2343?
3
What is the tens digit of 3114?
1
What is the tens digit of 136807?
0
What is the thousands digit of 1328?
1
What is the thousands digit of 2599?
2
What is the hundreds digit of 3253?
2
What is the ten thousands digit of 21199?
2
What is the tens digit of 48116?
1
What is the tens digit of 10910?
1
What is the hundreds digit of 53894?
8
What is the tens digit of 60692?
9
What is the units digit of 31743?
3
What is the tens digit of 19454?
5
What is the hundreds digit of 146608?
6
What is the ten thousands digit of 18690?
1
What is the hundreds digit of 7068?
0
What is the units digit of 1159?
9
What is the units digit of 1256?
6
What is the units digit of 1429?
9
What is the tens digit of 2190?
9
What is the thousands digit of 2695?
2
What is the hundreds digit of 3745?
7
What is the ten thousands digit of 63150?
6
What is the tens digit of 474?
7
What is the hundreds digit of 1704?
7
What is the hundreds digit of 4029?
0
What is the hundreds digit of 747?
7
What is the tens digit of 127475?
7
What is the units digit of 1529?
9
What is the tens digit of 25444?
4
What is the units digit of 1736?
6
What is the hundreds digit of 600?
6
What is the tens digit of 97?
9
What is the tens digit of 4825?
2
What is the hundreds digit of 33999?
9
What is the tens digit of 2659?
5
What is the ten thousands digit of 36445?
3
What is the tens digit of 45064?
6
What is the units digit of 2033?
3
What is the thousands digit of 1133?
1
What is the hundreds digit of 30401?
4
What is the hundreds digit of 2069?
0
What is the units digit of 21298?
8
What is the hundreds digit of 4000?
0
What is the thousands digit of 3652?
3
What is the hundreds digit of 5426?
4
What is the units digit of 5039?
9
What is the units digit of 1830?
0
What is the tens digit of 15581?
8
What is the hundreds digit of 43613?
6
What is the units digit of 827?
7
What is the tens digit of 14799?
9
What is the thousands digit of 13308?
3
What is the ten thousands digit of 49115?
4
What is the tens digit of 1610?
1
What is the ten thousands digit of 58574?
5
What is the hundreds digit of 983?
9
What is the tens digit of 476?
7
What is the units digit of 339?
9
What is the hundreds digit of 6947?
9
What is the hundreds digit of 6916?
9
What is the units digit of 214?
4
What is the units digit of 1481?
1
What is the thousands digit of 8244?
8
What is the units digit of 6051?
1
What is the ten thousands digit of 41206?
4
What is the units digit of 3267?
7
What is the units digit of 4478?
8
What is the units digit of 737?
7
What is the tens digit of 3424?
2
What is the tens digit of 6300?
0
What is the hundreds digit of 3305?
3
What is the hundreds digit of 7707?
7
What is the hundreds digit of 2017?
0
What is the hundreds digit of 7520?
5
What is the tens digit of 21037?
3
What is the hundreds digit of 3397?
3
What is the hundreds digit of 46419?
4
What is the hundreds digit of 11302?
3
What is the ten thousands digit of 21012?
2
What is the hundreds digit of 445?
4
What is the units digit of 6492?
2
What is the tens digit of 31865?
6
What is the thousands digit of 46945?
6
What is the thousands digit of 2631?
2
What is the hundreds digit of 4219?
2
What is the hundreds digit of 2316?
3
What is the thousands digit of 14237?
4
What is the ten thousands digit of 21255?
2
What is the thousands digit of 1200?
1
What is the units digit of 4266?
6
What is the tens digit of 5253?
5
What is the thousands digit of 16862?
6
What is the hundreds digit of 4312?
3
What is the tens digit of 538?
3
What is the tens digit of 1643?
4
What is the tens digit of 47852?
5
What is the tens digit of 324?
2
What is the units digit of 6155?
5
What is the hundreds digit of 1957?
9
What is the units digit of 1306?
6
What is the thousands digit of 30280?
0
What is the thousands digit of 44072?
4
What is the hundreds digit of 11258?
2
What is the units d